 (325 - 148) + -180?
-7
What is 5 - (-3 - -35) - (-14 + (36 - 21))?
-28
What is 0 - (-3 + (-41 - -43) - -18)?
-17
254 - 232 - (6 - 27)
43
-17 - -13 - (-16 - (20 + -4))
28
What is 3 - (26 + -24 + 19) - -60?
42
What is the value of (-2 - (37 - 0)) + (67 - (-24 + 88))?
-36
What is (-143 - -258) + (-8 - (-14 + 8))?
113
Evaluate -67 + (-115 - -12) + 84.
-86
Evaluate (-293 - -301) + 3 + 6 - 65.
-48
(8 - 14) + -14 + 36 + 16
32
What is the value of 524 + -485 + (4 + -4 - 24) - -52?
67
Evaluate -86 - (140 - (33 + 122)).
-71
Evaluate 47 + (-77 + 52 - 40).
-18
-19 - (-8 - -32 - 32) - (-1 + -76)
66
Calculate -12 - (-6 - 5) - (-3 - 4) - (32 + -11).
-15
Calculate (0 + 9 - 2) + -30 + 128 + -99 - -54.
60
Evaluate -7 + 9 - 1 - (-6 - 1) - (60 + -122).
70
What is -94 + (9 + (23 - (-13 + 44)) - (2 + -1))?
-94
What is 3 + -27 + (-17 - (-8 + 19))?
-52
(-8 - (8 + 2)) + (-2 + 6 - -39)
25
Calculate (-2 - 0 - -4) + 1 + -884 + 911 + 13.
43
What is (0 - -37 - (150 + -121)) + -28?
-20
What is 6 - (-32 - (-33 - 30) - 21)?
-4
Evaluate 230 + -236 + (-65 - -173).
102
What is the value of -36 + -51 + 18 + 55?
-14
What is 76 - (56 + -92 + 21 + -1 + 15)?
77
What is 10 + (-3 - -47) + 10 + (10 - (9 + 5))?
60
Calculate 9 + 25 + -60 + (52 - -1).
27
-3 - -5 - (-3 + 46 - (20 + (-16 - -5)))
-32
What is the value of -1 + -156 + (33 - 3 - (13 + 4))?
-144
Evaluate (58 - -12 - 49) + 6.
27
What is (2 - 2) + -67 + 6 + -11 + 22 + -14?
-64
What is the value of (-68 - -62) + 9 + 65?
68
What is the value of (-11 - 0) + 11 + -15 + 25 + -5?
5
What is 12 - (-28 - ((-20 - -14) + 10))?
44
Evaluate (4 - -2 - (-1 - 82)) + 5 - (8 + -7).
93
Calculate (-1 + -6 - -40) + (0 + -8 - 4).
21
What is -53 - (151 + -95 + -187)?
78
-16 - (12 - -40) - (-14 - -21 - -2)
-77
What is -111 + 225 - 113 - (0 + (38 - -2))?
-39
-38 + (43 - 17) + 19
7
-35 + 35 - (-4 - -2 - 37) - -10 - 1
48
-42 - ((24 - 3) + -24 + -37)
-2
What is the value of (9 + -16 - 41) + 3 + 13?
-32
Calculate 46 + 0 - (-59 + 61 + 20).
24
Evaluate (-31 - ((0 - -3) + -1)) + 7 + -25 + 9.
-42
What is the value of 2 + -10 - -29 - (123 - 100)?
-2
Evaluate 62 + -37 + -19 + 37.
43
(-35 + 9 - -62) + 10
46
Evaluate -2 + -6 + (6 - -11) + -41.
-32
10 + (12 - 7) - (8 - 36 - -19)
24
What is -2 - (-8 - (7 + 17)) - 30?
0
What is the value of 35 + 70 + -75 + -123?
-93
Evaluate 48 - (1 - 4) - (-11 - (46 + -63)).
45
Evaluate 255 - (372 - 132) - (-54 - (0 + 0)).
69
What is -33 - 34 - -91 - (-4 - -7 - 4)?
25
53 + 20 + (36 - 108 - -27)
28
(4 - (-57 - -49) - (1 - -4)) + -70
-63
Calculate 38 - (0 - -2) - (-12 - ((34 - 91) + 37)).
28
7 + 8 + -5 + -39 + 44
15
Calculate -19 + (-2 + (-1 - -3) - (2 - -3)) - 0.
-24
19 - (31 - (9 + (-14 - -16))) - -78
77
Evaluate 2 + (15 - 12) + -8 + 79 + 9.
85
Calculate (10 - -9 - 20) + 46.
45
17 + (51 - 63) - -15
20
What is (470 - 495) + -20 + 15?
-30
Calculate 46 - (-7 - (-70 + -2)).
-19
What is the value of -34 - (-22 + -16 + 14) - (-1 + (4 - 99))?
86
What is the value of -32 + -15 + 6 + -15 + 8 - 12?
-60
What is 4 + 31 + -42 + 10?
3
What is 155 + (15 - 37) + (5 - (7 - 12)) + 5?
148
What is the value of (5 - (11 + -2)) + 6 - (-5 + -8) - -4?
19
What is -1 - (-74 + 49) - (2 + 64)?
-42
Evaluate 2247 - 2253 - (-92 + -1).
87
Evaluate (-2 - -2) + 12 - (-1 - 106 - (840 - 860)).
99
-4 + (27 - (0 - -11)) - -17 - 14
15
What is 274 + -384 - (-108 - -2)?
-4
Evaluate -1 + 4 - (71 - ((5 - 29) + (49 - 12))).
-55
What is the value of -62 - (-56 + -69 + 130)?
-67
Calculate 10 - (74 - 145) - (0 + 27).
54
What is the value of -63 - (-18 + 26 + 4 + -34)?
-41
What is (-6 - (-15 + (-16 - (-34 + 17)))) + -12?
-4
Evaluate 38 + -77 - -38 - (6 + -7 + -10).
10
Evaluate (14 - 15 - 15) + 6 + 68 + 13.
71
Evaluate 85 - (38 - 21 - -32).
36
What is the value of (29 + 91 - 7) + -5 + -33?
75
Calculate (-4 + -22 + 17 - 21 - 14) + 7.
-37
Calculate 13 - ((1 - -19 - 29) + 11 + -5 + -4).
20
-57 - ((-1 - 0) + (1 + 1 - (-80 + 85)))
-53
What is 42 + 2 + 10 + -13 + -31 + 27?
37
What is 13 - 28 - ((8 - 69) + -2)?
48
56 + -41 + 3 - 7
11
What is -62 + 128 + 31 - 17?
80
What is the value of 6 + -29 + (1 - -5) + -2 - (2 + 4)?
-25
Evaluate -21 - -10 - -16 - (-12 - 74 - (-1 - -5)).
95
Evaluate (55 - 50 - 9 - (-1 + 7)) + 17.
7
Evaluate -27 + (-17 - 47) - -57.
-34
What is 4794 + -4807 - ((-2 - 36) + 1)?
24
What is the value of -55 - (-49 + -51 + 71)?
-26
2 + (8 + 13 + -25 + -6 - -1) + 47
40
-28 - -2 - (-7070 - -6957)
87
What is 48 - (1 + 15 - (-13 - (0 - (12 + 9))))?
40
Evaluate 37 - (-14 + 61 + -28 + -13 + 8 + 0).
23
What is 8 + (-46 - -81 - 13)?
30
16 - ((6 - -1) + (61 - 55)) - -6 - 81
-72
Evaluate 262 + -234 - (56 + 1).
-29
Calculate -9 + (-19 - (0 - -1)).
-29
What is -3 + (-1 - 40) + (-217 - -195) + -10 + 1?
-75
(-9 - -2) + 10 - (48 - 66)
21
Evaluate 5 + -43 - (4 - (5 + (10 - 2))).
-29
What is the value of -9 - (-29 + (2 - 19)) - (10 - -8)?
19
Evaluate -85 - (-17 + -16 + -16).
-36
(43 - 33) + (23 - 44)
-11
What is the value of (0 - 114 - (60 + -58) - 7) + -8?
-131
What is 10 + (4 - (24 - 0)) - (-3 + 6 - -3)?
-16
Evaluate 68 - (-23 - ((-4 - 45) + 29)).
71
-10 + (26 - 54 - 20)
-58
Calculate -75 + (-8 - (6 + -28)) + 7 + 24 + -34.
-64
Calculate 18 - 20 - -12 - 75 - (27 - 25).
-67
Calculate (5 - (-48 - -29)) + 1 - 37.
-12
(-57 - (-47 + 5)) + 25 - 12
-2
Evaluate 9 - (4 + -2 + (7 - 35)).
35
Calculate -32 - -16 - 20 - -18 - -19.
1
(91 - -1) + (1 - 25) + (35 - (-59 - -70))
92
Evaluate -14 - (5 + -16 + 3) - (-38 + -3).
35
Evaluate (-25 - -6) + -7 + 17 - -15.
6
Calculate 5 - (15 + -2) - ((-6 - 2) + 24 + -89).
65
Evaluate (34 - 40) + 10 + 6 + 9.
19
4 + (-15 - -1) - (10 - 43 - -10)
13
What is 0 + -146 + -1 - ((16 - 8) + -22)?
-133
What is (-30 + -13 + 23 + 12 - (-5 + -1)) + 49?
47
What is (-26 - -20) + -8 + (20 - 22) + 80?
64
Calculate -9 + 58 + -1 + (783 - 801).
30
What is 19 + -2 + (-123 + 47 - -57)?
-2
What is -17 + (-60 - -2 - (-40 + 3 + 20))?
-58
What is (-2 - (1 - 51)) + (67 - (-46 + 115))?
46
What is the value of (-20 - -1 - (-76 - (65 + -199))) + -4?
-81
Calculate -60 - (-19 - (-8 - -2)) - (1 + -14).
-34
-12 - ((24 + -4 - 11) + -13)
-8
Evaluate 586 + -585 + -3 + 1 + -54 + (-5 - -4).
-56
Calculate -12 - 1 - (-31 - -24 - (-1 + 2) - -4).
-9
What is the value of (-10 - -22 - (-3 + 10 + -5)) + 32?
42
What is the value of -3 + 0 - (-133 + 134) - (30 - -3)?
-37
Evaluate 3 + 60 + -38 + -11.
14
What is the value of (-1 + -30 - -12) + -82?
-101
What is the value of -3 + -25 - (75 - (6 + 49))?
-48
Calculate -1 - -87 - (1563 - 1518).
41
What is the value of -5 + 1 + 115 + (3 - 102)?
12
What is the value of (-6 - -22) + (9 - 37) + -2 + 10?
-4
Calculate (-43 - 23 - -11) + 58 - (5 - (-1 - -1)).
-2
Evaluate -7 + (8 - -30) - (-18 + 6 + 1).
42
What is -11 + 10 + (-57 - 1) + (49 - (-8 - -42))?
-44
What is the value of (-6 - -6) + (0 - 1) + 6 - (220 - 219)?
4
What is 1 + 2 + 2 - -2 - (38 - (-15 + 4))?
-42
What is (-1 - -5) + ((-17 - -18) + 31 + -15 - 8)?
13
Calculate 11 + (13 - (9 - (-9 + 8 + 8))).
22
What is -12 + (-12 + -19 - -6)?
-37
What is the value of -47 - (2 + -39 + 31 + -16)?
-25
Evaluate -42 - (7 - (-2 + 1 + 23)).
-27
Evaluate (30 - 25 - 9) + -4 + -13.
-21
Evaluate (3 - 22 - -13) + (10 - 2 - -63).
65
What is (-39 - -18) + -65 - (3 + -24)?
-65
Calculate -1343 + 1387 - (47 + -3).
0
62 + 7 + 346 + -397
18
Calculate 77 - 32 - (20 + -37 + 29).
33
Evaluate (1 - (8 + -1)) + -36 + 26 + 20 + -6.
-2
What is -2 - 1 - 2 - (-5 + 3 + 8 + -4)?
-7
Calculate -16 - ((-30 - 17) + 13) - (-60 - 3).
81
What is the value of 0 - (-23 - -85 - (-30 - 6))?
-98
Evaluate 41 + (-12 - -5 - (-6 + 8 + 2)).
30
Evaluate 9 + (-4 + 2 - 1 - (-23 - -30)).
-1
18 + 66 + -6 + (-7 - -11 - (-3 + 1))
84
What is the value of -29 + (17 - -25) + -44 + -3 + -2?
-36
Evaluate -7 + 17 + 7 + (-26 - -32) + 13.
36
What is the value of -9 + (4 + -24 - 9) + (2 - -8)?
-28
What is the value of -4 - 6 - (12 - (3 + -8) - 11)?
-16
Calculate 134 - 166 - (11 + -18 - 106).
81
What is -45 + 71 + 59 + -24?
61
Calculate 0 + 25 + -26 + (-1 - -6).
4
What is -35 + -9 + 123 - 28?
51
(-38 - (90 + -21)) + 37
-70
What is (-23 - (-11 - (-19 - -35))) + -12?
-8
28 + -9 + -2 + -23 - (2 - -1 - 8)
-1
What is -10 + 4 - (6 + 0 - 21)?
9
What is the value of (93 + -28 - 67) + 0 + -51?
-53
Calculate -11 - (2 - -15 - (53 + -81)).
-56
Calculate -49 - 12 - -28 - -78.
45
Calculate 2 + 4 - (-2 -